{"id":3089,"date":"2026-02-11T22:50:22","date_gmt":"2026-02-11T22:50:22","guid":{"rendered":"https:\/\/valvery.fi\/?page_id=3089"},"modified":"2026-02-11T22:50:22","modified_gmt":"2026-02-11T22:50:22","slug":"seksuaalikasvatuksen-paivat-2026","status":"publish","type":"page","link":"https:\/\/valvery.fi\/index.php\/seksuaalikasvatuksen-paivat-2026\/","title":{"rendered":"Seksuaalikasvatuksen p\u00e4iv\u00e4t 2026"},"content":{"rendered":"\n<div class=\"wp-block-columns is-layout-flex wp-container-core-columns-is-layout-28f84493 wp-block-columns-is-layout-flex\">\n<div class=\"wp-block-column is-layout-flow wp-block-column-is-layout-flow\"><\/div>\n<\/div>\n\n\n\n<p><em>VALVE ry j\u00e4rjest\u00e4\u00e4 kolmannet Seksuaalikasvatuksen p\u00e4iv\u00e4t 2.10.2026 tuttuun tapaan Tampereella &#8211; laita p\u00e4iv\u00e4 jo kalenteriisi! P\u00e4ivit\u00e4mme lis\u00e4\u00e4 tapahtumasta n\u00e4ille sivuille l\u00e4hiviikkojen ja -kuukausien aikana. Voit kysell\u00e4 asiasta lis\u00e4\u00e4 tapahtumavastaava Anniina Alak\u00e4rp\u00e4lt\u00e4 (<a href=\"mailto:anniina.alakarppa@valvery.fi\">anniina.alakarppa@valvery.fi<\/a>).<\/em><\/p>\n\n\n\n<p><\/p>\n","protected":false},"excerpt":{"rendered":"<p>VALVE ry j\u00e4rjest\u00e4\u00e4 kolmannet Seksuaalikasvatuksen p\u00e4iv\u00e4t 2.10.2026 tuttuun tapaan Tampereella &#8211; laita p\u00e4iv\u00e4 jo kalenteriisi! P\u00e4ivit\u00e4mme lis\u00e4\u00e4 tapahtumasta n\u00e4ille sivuille l\u00e4hiviikkojen ja -kuukausien aikana. Voit kysell\u00e4 asiasta lis\u00e4\u00e4 tapahtumavastaava Anniina Alak\u00e4rp\u00e4lt\u00e4 (anniina.alakarppa@valvery.fi).<\/p>\n","protected":false},"author":1,"featured_media":0,"parent":0,"menu_order":0,"comment_status":"closed","ping_status":"closed","template":"","meta":{"footnotes":""},"class_list":["post-3089","page","type-page","status-publish","hentry"],"jetpack_sharing_enabled":true,"_links":{"self":[{"href":"https:\/\/valvery.fi\/index.php\/wp-json\/wp\/v2\/pages\/3089","targetHints":{"allow":["GET"]}}],"collection":[{"href":"https:\/\/valvery.fi\/index.php\/wp-json\/wp\/v2\/pages"}],"about":[{"href":"https:\/\/valvery.fi\/index.php\/wp-json\/wp\/v2\/types\/page"}],"author":[{"embeddable":true,"href":"https:\/\/valvery.fi\/index.php\/wp-json\/wp\/v2\/users\/1"}],"replies":[{"embeddable":true,"href":"https:\/\/valvery.fi\/index.php\/wp-json\/wp\/v2\/comments?post=3089"}],"version-history":[{"count":1,"href":"https:\/\/valvery.fi\/index.php\/wp-json\/wp\/v2\/pages\/3089\/revisions"}],"predecessor-version":[{"id":3090,"href":"https:\/\/valvery.fi\/index.php\/wp-json\/wp\/v2\/pages\/3089\/revisions\/3090"}],"wp:attachment":[{"href":"https:\/\/valvery.fi\/index.php\/wp-json\/wp\/v2\/media?parent=3089"}],"curies":[{"name":"wp","href":"https:\/\/api.w.org\/{rel}","templated":true}]}}