{"id":3000,"date":"2026-02-03T17:13:11","date_gmt":"2026-02-03T17:13:11","guid":{"rendered":"https:\/\/valvery.fi\/?page_id=3000"},"modified":"2026-02-11T22:56:19","modified_gmt":"2026-02-11T22:56:19","slug":"tilaa-uutiskirje","status":"publish","type":"page","link":"https:\/\/valvery.fi\/index.php\/tilaa-uutiskirje\/","title":{"rendered":"Tilaa uutiskirje"},"content":{"rendered":"\n<div class=\"wp-block-columns is-layout-flex wp-container-core-columns-is-layout-28f84493 wp-block-columns-is-layout-flex\">\n<div class=\"wp-block-column is-layout-flow wp-block-column-is-layout-flow\"><\/div>\n<\/div>\n\n\n\n<p class=\"has-black-color has-text-color has-link-color has-medium-font-size wp-elements-8b35e8ff4e59f5d1e7fd6e0df750523d\">Uutiskirjeen kautta tiedotamme yhdistyksen tapahtumista ja koulutuksista, mutta my\u00f6s yleisesti seksuaalikasvatuksen kent\u00e4n tapahtumista. Uutiskirjeen voit tilata, vaikket olisi VALVE ry:n j\u00e4sen. Voit halutessasi my\u00f6s ilmoittaa omista tapahtumistasi uutiskirjeemme kautta &#8211; ota t\u00e4ll\u00f6in yhteys j\u00e4rjest\u00f6koordinaattoriimme Riikka P\u00f6ntiseen (<a href=\"mailto:riikka.pontinen@valvery.fi\">riikka.pontinen@valvery.fi<\/a>).<\/p>\n\n\n\n<div class=\"wp-block-group\"><div class=\"wp-block-group__inner-container is-layout-constrained wp-block-group-is-layout-constrained\"><div class=\"wp-block-mailchimp-mailchimp\">\n\t\t<div class=\"mc_container\">\n\t\t\t\t<div id=\"mc_signup_e89862e809_2\">\n\t\t\t<form method=\"post\" action=\"#mc_signup_e89862e809_2\" id=\"mc_signup_form_e89862e809_2\" class=\"mc_signup_form\">\n\t\t\t\t<input type=\"hidden\" class=\"mc_submit_type\" name=\"mc_submit_type\" value=\"html\" \/>\n\t\t\t\t<input type=\"hidden\" name=\"mcsf_action\" value=\"mc_submit_signup_form\" \/>\n\t\t\t\t<input type=\"hidden\" name=\"mailchimp_sf_list_id\" value=\"e89862e809\" \/>\n\t\t\t\t<input type=\"hidden\" name=\"mailchimp_sf_update_existing_subscribers\" value=\"yes\" \/>\n\t\t\t\t<input type=\"hidden\" name=\"mailchimp_sf_double_opt_in\" value=\"yes\" \/>\n\t\t\t\t<input type=\"hidden\" name=\"mailchimp_sf_skip_merge_validation\" value=\"no\" \/>\n\t\t\t\t<input type=\"hidden\" name=\"mailchimp_sf_hash\" value=\"dcdc4235e10eb9fe577e56126f0b263f\" \/>\n\t\t\t\t<input type=\"hidden\" id=\"_mc_submit_signup_form_nonce\" name=\"_mc_submit_signup_form_nonce\" value=\"130a44c713\" \/>\t\t\t\t<div class=\"mc_form_inside\">\n\t\t\t\t\t<div class=\"mc_message_wrapper\">\n\t\t\t\t\t\t\t\t\t\t\t<\/div>\n\n\t\t\t\t\t\n<div class=\"wp-block-mailchimp-mailchimp-form-field\">\n\t\n<div class=\"mc_merge_var\">\n\t\t<label for=\"mc_mv_EMAIL_1\" class=\"mc_var_label mc_header mc_header_email\">S\u00e4hk\u00f6postiosoite<\/label>\n\t<input type=\"text\" size=\"18\" placeholder=\"\" name=\"mc_mv_EMAIL\" id=\"mc_mv_EMAIL_1\" class=\"mc_input\"\/>\n<\/div><!-- \/mc_merge_var --><\/div>\n\n\n\n\n\n\n\n\n\n\n\n\n\n\t<div style=\"display: none; !important\">\n\t\t<label for=\"mailchimp_sf_alt_email\">Alternative Email:<\/label>\n\t\t<input type=\"text\" name=\"mailchimp_sf_alt_email\" autocomplete=\"off\"\/>\n\t<\/div>\n\t<input type=\"hidden\" class=\"mailchimp_sf_no_js\" name=\"mailchimp_sf_no_js\" value=\"1\" \/>\n\t\t\t\t\t\t<div class=\"mc_signup_submit\">\n\t\t\t\t\t\t<input type=\"submit\" name=\"mc_signup_submit\" class=\"mc_signup_submit_button\" id=\"mc_signup_submit_e89862e809_2\" value=\"Tilaa uutiskirje\" class=\"button\" \/>\n\t\t\t\t\t<\/div><!-- \/mc_signup_submit -->\n\n\t\t\t\t\t\t\t\t\t<\/div><!-- \/mc_form_inside -->\n\t\t\t<\/form><!-- \/mc_signup_form -->\n\t\t<\/div><!-- \/mc_signup_container -->\n\t<\/div><!-- \/mc_container -->\n<\/div>\n<\/div><\/div>\n\n\n\n<div class=\"wp-block-columns is-layout-flex wp-container-core-columns-is-layout-28f84493 wp-block-columns-is-layout-flex\">\n<div class=\"wp-block-column is-layout-flow wp-block-column-is-layout-flow\"><\/div>\n<\/div>\n\n\n\n<p class=\"has-text-color has-link-color has-medium-font-size wp-elements-59d0611cef59ffe519bdedb7ee72d78b\" style=\"color:#950334\"><strong>HUOM! Lomakkeen l\u00e4hetys toimii pienell\u00e4 viiveell\u00e4. Muistathan my\u00f6s vahvistaa uutiskirjeen tilauksen klikkaamalla s\u00e4hk\u00f6postiisi l\u00e4hetetty\u00e4 linkki\u00e4.<\/strong><\/p>\n\n\n\n<p class=\"has-text-color has-link-color has-small-font-size wp-elements-052cdff6b1fe0064cf6ac6209f643eb3\" style=\"color:#950334\"><strong>(Jos puolestaan tilasit uutiskirjeen verkkosivujen pop up-ikkunan kautta, sinulle ei tule erillist\u00e4 vahvistusta, mutta voit halutessasi varmistaa asian j\u00e4rjest\u00f6sihteerilt\u00e4.)<\/strong><\/p>\n\n\n\n<div class=\"wp-block-columns is-layout-flex wp-container-core-columns-is-layout-28f84493 wp-block-columns-is-layout-flex\">\n<div class=\"wp-block-column is-layout-flow wp-block-column-is-layout-flow\"><\/div>\n<\/div>\n\n\n\n<div class=\"wp-block-columns is-layout-flex wp-container-core-columns-is-layout-28f84493 wp-block-columns-is-layout-flex\">\n<div class=\"wp-block-column is-layout-flow wp-block-column-is-layout-flow\"><\/div>\n<\/div>\n","protected":false},"excerpt":{"rendered":"<p>Uutiskirjeen kautta tiedotamme yhdistyksen tapahtumista ja koulutuksista, mutta my\u00f6s yleisesti seksuaalikasvatuksen kent\u00e4n tapahtumista. Uutiskirjeen voit tilata, vaikket olisi VALVE ry:n j\u00e4sen. Voit halutessasi my\u00f6s ilmoittaa omista tapahtumistasi uutiskirjeemme kautta &#8211; ota t\u00e4ll\u00f6in yhteys j\u00e4rjest\u00f6koordinaattoriimme Riikka P\u00f6ntiseen (riikka.pontinen@valvery.fi). HUOM! Lomakkeen l\u00e4hetys toimii pienell\u00e4 viiveell\u00e4. Muistathan my\u00f6s vahvistaa uutiskirjeen tilauksen klikkaamalla s\u00e4hk\u00f6postiisi l\u00e4hetetty\u00e4 linkki\u00e4. (Jos puolestaan tilasit uutiskirjeen verkkosivujen pop up-ikkunan kautta, sinulle ei tule erillist\u00e4 vahvistusta, mutta voit halutessasi varmistaa asian j\u00e4rjest\u00f6sihteerilt\u00e4.)<\/p>\n","protected":false},"author":1,"featured_media":0,"parent":0,"menu_order":0,"comment_status":"closed","ping_status":"closed","template":"","meta":{"footnotes":""},"class_list":["post-3000","page","type-page","status-publish","hentry"],"jetpack_sharing_enabled":true,"_links":{"self":[{"href":"https:\/\/valvery.fi\/index.php\/wp-json\/wp\/v2\/pages\/3000","targetHints":{"allow":["GET"]}}],"collection":[{"href":"https:\/\/valvery.fi\/index.php\/wp-json\/wp\/v2\/pages"}],"about":[{"href":"https:\/\/valvery.fi\/index.php\/wp-json\/wp\/v2\/types\/page"}],"author":[{"embeddable":true,"href":"https:\/\/valvery.fi\/index.php\/wp-json\/wp\/v2\/users\/1"}],"replies":[{"embeddable":true,"href":"https:\/\/valvery.fi\/index.php\/wp-json\/wp\/v2\/comments?post=3000"}],"version-history":[{"count":31,"href":"https:\/\/valvery.fi\/index.php\/wp-json\/wp\/v2\/pages\/3000\/revisions"}],"predecessor-version":[{"id":3097,"href":"https:\/\/valvery.fi\/index.php\/wp-json\/wp\/v2\/pages\/3000\/revisions\/3097"}],"wp:attachment":[{"href":"https:\/\/valvery.fi\/index.php\/wp-json\/wp\/v2\/media?parent=3000"}],"curies":[{"name":"wp","href":"https:\/\/api.w.org\/{rel}","templated":true}]}}