{"id":2134,"date":"2025-01-10T14:42:36","date_gmt":"2025-01-10T14:42:36","guid":{"rendered":"https:\/\/valvery.fi\/?page_id=2134"},"modified":"2026-03-02T12:59:29","modified_gmt":"2026-03-02T12:59:29","slug":"liity-jaseneksi","status":"publish","type":"page","link":"https:\/\/valvery.fi\/index.php\/liity-jaseneksi\/","title":{"rendered":"Liity j\u00e4seneksi"},"content":{"rendered":"\n<p class=\"has-text-align-center\">VALVE ry:n j\u00e4seneksi liittym\u00e4ll\u00e4 tuet ty\u00f6t\u00e4mme parempien seksuaalikasvatusta tarjoavien rakenteiden luomiseksi. J\u00e4senetuna saat koulutusta seksuaalikasvatuksen aiheista ja alennusta tapahtumistamme, mink\u00e4 lis\u00e4ksi tarjoamme vaihtuvia yritysetuja yhteisty\u00f6kumppaniemme kautta. Alta l\u00f6yd\u00e4t tiedot vuoden 2026 j\u00e4seneduista sek\u00e4 erilaisista j\u00e4senyysvaihtoehdoista.<\/p>\n\n\n\n<p class=\"has-text-align-center\">Suosittelemme j\u00e4seneksi liittymist\u00e4, jos kohtaat nykyisess\u00e4 tai tulevassa ty\u00f6ss\u00e4si seksuaalisuuden teemoja tai jos ty\u00f6si sis\u00e4lt\u00e4\u00e4 seksuaalikasvatusta tavalla tai toisella. J\u00e4senyys on suunnattu erityisesti n\u00e4iden alojen ammattilaisille ja opiskelijoille: opetus-, kasvatus- ja ohjausala, sosiaali-, terveys- ja hyvinvointiala, yhteiskunta-ala, nuorisoala tai seksologia<strong>.<\/strong> J\u00e4seneksi voivat kuitenkin liitty\u00e4 kaikki seksuaalikasvatuksesta kiinnostuneet!<\/p>\n\n\n\n<p class=\"has-text-align-center\">Edellyt\u00e4mme kaikilta toiminnassamme mukana olevilta <a href=\"https:\/\/valvery.fi\/index.php\/yhdistyksen-toiminta-ja-arvot\/\">arvoihimme<\/a>&nbsp;ja&nbsp;<a href=\"https:\/\/valvery.fi\/index.php\/tietoa-meista\/yhdistyksen-saannot\/\">s\u00e4\u00e4nt\u00f6ihimme<\/a> sitoutumista.<\/p>\n\n\n\n<div class=\"wp-block-columns is-layout-flex wp-container-core-columns-is-layout-28f84493 wp-block-columns-is-layout-flex\">\n<div class=\"wp-block-column is-layout-flow wp-block-column-is-layout-flow\"><\/div>\n<\/div>\n\n\n\n<div class=\"wp-block-buttons is-content-justification-center is-layout-flex wp-container-core-buttons-is-layout-a89b3969 wp-block-buttons-is-layout-flex\">\n<div class=\"wp-block-button\"><a class=\"wp-block-button__link has-background has-text-align-center wp-element-button\" href=\"https:\/\/edge.flomembers.com\/valve-ry\/liity\" style=\"background-color:#950334\">J\u00e4senlomakkeen p\u00e4\u00e4set t\u00e4ytt\u00e4m\u00e4\u00e4n t\u00e4st\u00e4.<\/a><\/div>\n<\/div>\n\n\n\n<div class=\"wp-block-columns is-layout-flex wp-container-core-columns-is-layout-28f84493 wp-block-columns-is-layout-flex\">\n<div class=\"wp-block-column is-layout-flow wp-block-column-is-layout-flow\"><\/div>\n<\/div>\n\n\n\n<p class=\"has-text-align-center has-small-font-size\"><strong>HUOM! Voit my\u00f6s halutessasi tilata pelk\u00e4n <a href=\"https:\/\/valvery.fi\/index.php\/tilaa-uutiskirje\/\" data-type=\"page\" data-id=\"3000\">uutiskirjeemme<\/a>, jos et t\u00e4ll\u00e4 hetkell\u00e4 halua liity\u00e4 j\u00e4seneksi.<\/strong><\/p>\n\n\n\n<div style=\"height:60px\" aria-hidden=\"true\" class=\"wp-block-spacer\"><\/div>\n\n\n\n<div class=\"wp-block-columns is-layout-flex wp-container-core-columns-is-layout-28f84493 wp-block-columns-is-layout-flex\">\n<div class=\"wp-block-column is-vertically-aligned-top is-layout-flow wp-block-column-is-layout-flow\" style=\"flex-basis:50%\">\n<p class=\"has-text-color has-link-color has-large-font-size wp-elements-26c26737de81e222fcf222f899eb8d6d\" style=\"color:#950334\"><strong>J\u00e4senyysmallit<\/strong><\/p>\n\n\n\n<div class=\"wp-block-columns is-layout-flex wp-container-core-columns-is-layout-28f84493 wp-block-columns-is-layout-flex\">\n<div class=\"wp-block-column is-layout-flow wp-block-column-is-layout-flow\"><\/div>\n<\/div>\n\n\n\n<ul class=\"wp-block-list\">\n<li><strong>Yhden vuoden j\u00e4senyys<\/strong>&nbsp;<strong>(20 \u20ac)<\/strong><\/li>\n\n\n\n<li><strong>Yhden vuoden j\u00e4senyys, alennettu hinta opiskelijoille, ty\u00f6tt\u00f6mille ja muille v\u00e4h\u00e4varaisille<\/strong>&nbsp;<strong>(10 \u20ac)<\/strong><\/li>\n\n\n\n<li><strong>Kolmen vuoden j\u00e4senyys<\/strong>&nbsp;<strong>(50 \u20ac)<\/strong><\/li>\n\n\n\n<li><strong>Kannatusj\u00e4senyys (35 \u20ac)<\/strong>: N\u00e4in voit helposti kannattaa toimintaamme sitoutumatta j\u00e4rjest\u00f6\u00f6n muutoin! Kannatusj\u00e4senemme saavat muiden j\u00e4senten tavoin j\u00e4sentiedotteemme, mutta j\u00e4senyysmalli ei kata muita j\u00e4senetuja.<\/li>\n\n\n\n<li><strong>Yritys\/yhteis\u00f6j\u00e4senyys (60 \u20ac):&nbsp;<\/strong>J\u00e4senyysmallissa yritykset ja muut yhteis\u00f6t voivat liitty\u00e4 mukaan. Vastineeksi yritys tai yhdistys saa n\u00e4kyv\u00e4n paikan ja voimme sponsoroida yrityksen tuotteita tapahtumissamme. Yritys\/yhteis\u00f6j\u00e4senyydet hyv\u00e4ksyt\u00e4mme erikseen kokouksessamme. T\u00e4t\u00e4 j\u00e4senyysmallia hakiessasi laita oheen lyhyt selvitys organisaatiosi toiminnasta ja arvoista, sill\u00e4 se auttaa meit\u00e4 tekem\u00e4\u00e4n p\u00e4\u00e4t\u00f6ksi\u00e4.<\/li>\n<\/ul>\n\n\n\n<p class=\"has-text-align-left\"><em><strong>HUOM! <\/strong><\/em>J\u00e4senmaksuista on mahdollista saada kokonaan vapautus perustellusta syyst\u00e4 (t\u00e4llainen syy on esimerkiksi \u00e4\u00e4rimm\u00e4isen huono taloustilanne tai pienituloisuus) vuodeksi kerrallaan. Jos tarvitset vapautuksen j\u00e4senmaksuista, otathan j\u00e4rjest\u00f6sihteeriimme yhteytt\u00e4&nbsp;(riikka.pontinen@valvery.fi). K\u00e4sittelemme jokaisen pyynn\u00f6n erikseen ja luottamuksellisesti.&nbsp;Varallisuustietojasi k\u00e4sittelev\u00e4t t\u00e4llaisessa tapauksessa vain j\u00e4senrekisteri\u00e4 yll\u00e4pit\u00e4v\u00e4t henkil\u00f6t, jotka tuovat tiedon toiveestasi puheenjohtajiston tietoon nimett\u00f6m\u00e4sti.<\/p>\n<\/div>\n\n\n\n<div class=\"wp-block-column is-layout-flow wp-block-column-is-layout-flow\" style=\"flex-basis:10px\"><\/div>\n\n\n\n<div class=\"wp-block-column is-layout-flow wp-block-column-is-layout-flow\">\n<div style=\"height:100px\" aria-hidden=\"true\" class=\"wp-block-spacer\"><\/div>\n<\/div>\n\n\n\n<div class=\"wp-block-column is-layout-flow wp-block-column-is-layout-flow\" style=\"flex-basis:50%\">\n<p class=\"has-text-color has-link-color has-large-font-size wp-elements-7629702436bb55f60f5332f3ff0dd3fe\" style=\"color:#950334\"><strong>J\u00e4senedut<\/strong><\/p>\n\n\n\n<div class=\"wp-block-columns is-layout-flex wp-container-core-columns-is-layout-28f84493 wp-block-columns-is-layout-flex\">\n<div class=\"wp-block-column is-layout-flow wp-block-column-is-layout-flow\"><\/div>\n<\/div>\n\n\n\n<ul class=\"wp-block-list\">\n<li><strong>15 % alennus<\/strong> mielihyv\u00e4myym\u00e4l\u00e4 ja seksuaaliterveyskauppa <a href=\"https:\/\/maukaste.fi\/\" target=\"_blank\" rel=\"noreferrer noopener\"><strong>Maukasteeseen<\/strong> <\/a>(alennuksen voi hy\u00f6dynt\u00e4\u00e4 sek\u00e4 verkkokaupassa ett\u00e4 Tampereen myym\u00e4l\u00e4ss\u00e4)<\/li>\n\n\n\n<li><strong>10 euron alennus<\/strong> <a href=\"https:\/\/tietoseks.fi\/\" target=\"_blank\" rel=\"noreferrer noopener\">Tietoseks<\/a>-asiantuntijayhteis\u00f6n liittymismaksusta (norm. hinta 39 \/ 49 \u20ac + alv 25,5 %)<\/li>\n\n\n\n<li><strong>Alennusta ty\u00f6nohjauksesta<\/strong>\n<ul class=\"wp-block-list\">\n<li>et\u00e4yksil\u00f6ty\u00f6nohjaus 75 \u20ac + alv 25,5 % \/ 45 min, sis. viisi tapaamista (norm. hinta 100\u2013120 \u20ac \/ 45 min)<\/li>\n\n\n\n<li>et\u00e4ty\u00f6nohjausryhm\u00e4 6 hl\u00f6, 55 \u20ac + alv 25,5 % \/ hl\u00f6 \/ 90 min, sis. viisi tapaamista<\/li>\n\n\n\n<li>ty\u00f6nohjaajina <a href=\"https:\/\/www.traumasensitiivinenseksuaaliterapia.fi\/\" target=\"_blank\" rel=\"noreferrer noopener\">Ansku Luostarinen<\/a> ja <a href=\"https:\/\/www.voimaannuttaviapolkuja.com\/\" target=\"_blank\" rel=\"noreferrer noopener\">Johanna Heikkinen<\/a> (Ratkaisu- ja voimavarakeskeiset ty\u00f6nohjaajat STORY, Auktorisoidut seksuaaliterapeutit (NACS) traumasensitiivisell\u00e4 ty\u00f6otteella)<\/li>\n<\/ul>\n<\/li>\n\n\n\n<li><strong>1\u20132 vaihtuvaa koulutusta maksuttomasti<\/strong> (tiedotamme j\u00e4rjest\u00e4mist\u00e4mme koulutuksista somessa, uutiskirjeiss\u00e4 ja kotisivuillamme)<\/li>\n\n\n\n<li><strong>Alennuksia j\u00e4rjest\u00e4mist\u00e4mme tapahtumista<\/strong>, esim. Seksuaalikasvatuksen p\u00e4iv\u00e4t <\/li>\n<\/ul>\n\n\n\n<p>Tiedot j\u00e4senetujen k\u00e4ytt\u00f6\u00f6n ottamisesta saat j\u00e4seneksi liittymisen yhteydess\u00e4. Jos olet jo j\u00e4sen, kysele j\u00e4senetujen k\u00e4ytt\u00f6\u00f6n ottamisesta j\u00e4sen- ja varainhankintavastaava Miia Koposelta (<a href=\"mailto:miia.koponen@valvery.fi\">miia.koponen@valvery.fi<\/a>).<\/p>\n\n\n\n<p>Kehit\u00e4mme j\u00e4senetujamme jatkuvasti ja tiedotamme uusista eduista.<\/p>\n<\/div>\n<\/div>\n\n\n\n<p class=\"has-text-align-left has-text-color has-link-color wp-elements-1fbceb2a2b37a95920a44f03a6b959ea\" style=\"color:#950334\"><\/p>\n\n\n\n<p class=\"has-text-color has-link-color has-large-font-size wp-elements-407eecd50017d7808a6a58123a4194c1\" style=\"color:#950334\"><\/p>\n\n\n\n<div class=\"wp-block-columns is-layout-flex wp-container-core-columns-is-layout-28f84493 wp-block-columns-is-layout-flex\">\n<div class=\"wp-block-column is-layout-flow wp-block-column-is-layout-flow\"><\/div>\n<\/div>\n\n\n\n<p style=\"font-size:15px\">J\u00e4senedut saat k\u00e4ytt\u00f6\u00f6si heti j\u00e4senmaksun maksettuasi. Saat my\u00f6hemmin virallisen vahvistuksen j\u00e4senyydest\u00e4si s\u00e4hk\u00f6postiisi, kun olemme hyv\u00e4ksyneet j\u00e4senyytesi virallisesti. Hyv\u00e4ksymme j\u00e4senyydet mahdollisimman pian sen j\u00e4lkeen, kun j\u00e4senmaksusuoritus n\u00e4kyy tilill\u00e4mme &#8211; kuitenkin joka tapauksessa viikon sis\u00e4ll\u00e4 maksun saapumisesta. Jos tarvitset nopeamman kuittauksen j\u00e4seneksi hyv\u00e4ksymisest\u00e4, laita viesti\u00e4 j\u00e4rjest\u00f6koordinaattorille (yhteystiedot l\u00f6ytyv\u00e4t VALVE ry:n verkkosivujen Yhteystiedot-v\u00e4lilehdelt\u00e4).&nbsp;L\u00e4ht\u00f6kohtaisesti hyv\u00e4ksymme kaikki j\u00e4seneksi hakeneet j\u00e4seniksi.&nbsp;<\/p>\n\n\n\n<p style=\"font-size:15px\">Yritys-\/yhteis\u00f6j\u00e4senyytt\u00e4 hakevilta toivomme saatteena lyhyen esittelyn j\u00e4senyytt\u00e4 hakevasta yrityksest\u00e4\/yhdistyksest\u00e4 ja sen arvoista, jotta voimme todeta yhteensopivuuden yhdistyksen arvojen kanssa.<\/p>\n\n\n\n<p style=\"font-size:15px\">L\u00e4mmin kiitos, kun tuet VALVE ry:n toimintaa!<\/p>\n","protected":false},"excerpt":{"rendered":"<p>VALVE ry:n j\u00e4seneksi liittym\u00e4ll\u00e4 tuet ty\u00f6t\u00e4mme parempien seksuaalikasvatusta tarjoavien rakenteiden luomiseksi. J\u00e4senetuna saat koulutusta seksuaalikasvatuksen aiheista ja alennusta tapahtumistamme, mink\u00e4 lis\u00e4ksi tarjoamme vaihtuvia yritysetuja yhteisty\u00f6kumppaniemme kautta. Alta l\u00f6yd\u00e4t tiedot vuoden 2026 j\u00e4seneduista sek\u00e4 erilaisista j\u00e4senyysvaihtoehdoista. Suosittelemme j\u00e4seneksi liittymist\u00e4, jos kohtaat nykyisess\u00e4 tai tulevassa ty\u00f6ss\u00e4si seksuaalisuuden teemoja tai jos ty\u00f6si sis\u00e4lt\u00e4\u00e4 seksuaalikasvatusta tavalla tai toisella. J\u00e4senyys on suunnattu erityisesti n\u00e4iden alojen ammattilaisille ja opiskelijoille: opetus-, kasvatus- ja ohjausala, sosiaali-, terveys- ja hyvinvointiala, yhteiskunta-ala, nuorisoala tai seksologia. J\u00e4seneksi voivat kuitenkin liitty\u00e4 kaikki seksuaalikasvatuksesta kiinnostuneet! Edellyt\u00e4mme kaikilta toiminnassamme mukana olevilta arvoihimme&nbsp;ja&nbsp;s\u00e4\u00e4nt\u00f6ihimme sitoutumista. HUOM! Voit my\u00f6s halutessasi tilata pelk\u00e4n uutiskirjeemme, jos et t\u00e4ll\u00e4 hetkell\u00e4 halua liity\u00e4 j\u00e4seneksi. J\u00e4senyysmallit HUOM! J\u00e4senmaksuista on mahdollista saada kokonaan vapautus perustellusta syyst\u00e4 (t\u00e4llainen syy on esimerkiksi \u00e4\u00e4rimm\u00e4isen huono taloustilanne tai pienituloisuus) vuodeksi kerrallaan. Jos tarvitset vapautuksen j\u00e4senmaksuista, otathan j\u00e4rjest\u00f6sihteeriimme yhteytt\u00e4&nbsp;(riikka.pontinen@valvery.fi). K\u00e4sittelemme jokaisen pyynn\u00f6n erikseen ja luottamuksellisesti.&nbsp;Varallisuustietojasi k\u00e4sittelev\u00e4t t\u00e4llaisessa tapauksessa vain j\u00e4senrekisteri\u00e4 yll\u00e4pit\u00e4v\u00e4t henkil\u00f6t, jotka tuovat tiedon toiveestasi puheenjohtajiston tietoon nimett\u00f6m\u00e4sti. J\u00e4senedut Tiedot j\u00e4senetujen k\u00e4ytt\u00f6\u00f6n ottamisesta saat j\u00e4seneksi liittymisen yhteydess\u00e4. Jos olet jo j\u00e4sen, kysele j\u00e4senetujen k\u00e4ytt\u00f6\u00f6n ottamisesta j\u00e4sen- ja varainhankintavastaava Miia Koposelta (miia.koponen@valvery.fi). Kehit\u00e4mme j\u00e4senetujamme jatkuvasti ja tiedotamme uusista eduista. J\u00e4senedut saat k\u00e4ytt\u00f6\u00f6si heti j\u00e4senmaksun maksettuasi. Saat my\u00f6hemmin virallisen vahvistuksen j\u00e4senyydest\u00e4si s\u00e4hk\u00f6postiisi, kun olemme hyv\u00e4ksyneet j\u00e4senyytesi virallisesti. Hyv\u00e4ksymme j\u00e4senyydet mahdollisimman pian sen j\u00e4lkeen, kun j\u00e4senmaksusuoritus n\u00e4kyy tilill\u00e4mme &#8211; kuitenkin joka tapauksessa viikon sis\u00e4ll\u00e4 maksun saapumisesta. Jos tarvitset nopeamman kuittauksen j\u00e4seneksi hyv\u00e4ksymisest\u00e4, laita viesti\u00e4 j\u00e4rjest\u00f6koordinaattorille (yhteystiedot l\u00f6ytyv\u00e4t VALVE ry:n verkkosivujen Yhteystiedot-v\u00e4lilehdelt\u00e4).&nbsp;L\u00e4ht\u00f6kohtaisesti hyv\u00e4ksymme kaikki j\u00e4seneksi hakeneet j\u00e4seniksi.&nbsp; Yritys-\/yhteis\u00f6j\u00e4senyytt\u00e4 hakevilta toivomme saatteena lyhyen esittelyn j\u00e4senyytt\u00e4 hakevasta yrityksest\u00e4\/yhdistyksest\u00e4 ja sen arvoista, jotta voimme todeta yhteensopivuuden yhdistyksen arvojen kanssa. L\u00e4mmin kiitos, kun tuet VALVE ry:n toimintaa!<\/p>\n","protected":false},"author":1,"featured_media":0,"parent":0,"menu_order":0,"comment_status":"closed","ping_status":"closed","template":"","meta":{"footnotes":""},"class_list":["post-2134","page","type-page","status-publish","hentry"],"jetpack_sharing_enabled":true,"_links":{"self":[{"href":"https:\/\/valvery.fi\/index.php\/wp-json\/wp\/v2\/pages\/2134","targetHints":{"allow":["GET"]}}],"collection":[{"href":"https:\/\/valvery.fi\/index.php\/wp-json\/wp\/v2\/pages"}],"about":[{"href":"https:\/\/valvery.fi\/index.php\/wp-json\/wp\/v2\/types\/page"}],"author":[{"embeddable":true,"href":"https:\/\/valvery.fi\/index.php\/wp-json\/wp\/v2\/users\/1"}],"replies":[{"embeddable":true,"href":"https:\/\/valvery.fi\/index.php\/wp-json\/wp\/v2\/comments?post=2134"}],"version-history":[{"count":50,"href":"https:\/\/valvery.fi\/index.php\/wp-json\/wp\/v2\/pages\/2134\/revisions"}],"predecessor-version":[{"id":3146,"href":"https:\/\/valvery.fi\/index.php\/wp-json\/wp\/v2\/pages\/2134\/revisions\/3146"}],"wp:attachment":[{"href":"https:\/\/valvery.fi\/index.php\/wp-json\/wp\/v2\/media?parent=2134"}],"curies":[{"name":"wp","href":"https:\/\/api.w.org\/{rel}","templated":true}]}}