{"id":1393,"date":"2023-12-04T21:38:42","date_gmt":"2023-12-04T21:38:42","guid":{"rendered":"https:\/\/valvery.fi\/?page_id=1393"},"modified":"2024-11-30T19:49:28","modified_gmt":"2024-11-30T19:49:28","slug":"kouluttaminen-ja-materiaalit","status":"publish","type":"page","link":"https:\/\/valvery.fi\/index.php\/kouluttaminen-ja-materiaalit\/","title":{"rendered":"Kouluttaminen ja materiaalit"},"content":{"rendered":"\n<div class=\"wp-block-columns is-layout-flex wp-container-core-columns-is-layout-28f84493 wp-block-columns-is-layout-flex\">\n<div class=\"wp-block-column is-layout-flow wp-block-column-is-layout-flow\"><\/div>\n<\/div>\n\n\n\n<p class=\"has-text-align-center\">Vuonan 2024 VALVE ry:ss\u00e4 on aloittanut kouluttamistiimi, joka vastaa VALVE ry:n koulutustoiminnan organisoimisesta ja kehitt\u00e4misest\u00e4. Koulutustoimintaa tarjotaan sek\u00e4 maksuttomasti ett\u00e4 maksullisesti &#8211; maksulliset koulutuspaketit tilataan suoraan kouluttajalta ja maksuttomista koulutuksistamme tiedotamme erikseen. Suoraan kouluttajalta tilattavat koulutukset ovat tuntihinnaltaan l\u00e4ht\u00f6kohtaisesti 200 euroa\/tunti, ellei muuta ole kouluttajan kohdalla mainittu. R\u00e4\u00e4t\u00e4l\u00f6idyt koulutuspakettihinnat ovat tosin mahdollisia ja arvioidaan tapauskohtaisesti, jos koulutuskeikan pituus on yli 4 tuntia. <\/p>\n\n\n\n<p class=\"has-text-align-center\">Kouluttamispyynn\u00f6t vuonna 2024 osoitetaan ensisijaisesti koulutusvastaava Lotta Lind\u00e9nille osoitteeseen lotta.linden@valvery.fi. Kyselyt koulutustiimiin liittymisest\u00e4 tai VALVE ry:n kouluttajaksi hakemisesta sek\u00e4 muut yhteisty\u00f6pyynn\u00f6t voi osoittaa puheenjohtaja Riikka P\u00f6ntiselle osoitteeseen riikka.pontinen@valvery.fi.<\/p>\n\n\n\n<p class=\"has-text-align-center\">VALVE ry on avoin kaikenlaisille uusille yhteisty\u00f6ehdotuksille, joten jos haet esimerkiksi hankekumppania tai haluat meid\u00e4t mukaan tapahtumaasi, ole rohkeasti yhteydess\u00e4!<\/p>\n\n\n\n<p class=\"has-text-align-center\"><em><strong>Huom! Uusi koulutustiimi aloittaa vuonna 2025, jolloin my\u00f6s koulutusvastaavan yhteystiedot vaihtuvat. 7.1. l\u00e4htien yhteydenotot siis vain puheenjohtaja Riikka P\u00f6ntiselle, kunnes uuden tiimin ja kouluttajien tiedot p\u00e4ivittyv\u00e4t verkkosivuille. 16.12.-6.1. v\u00e4lisen ajan koulutustiimi on muun VALVE ry:n hallituksen tavoin lomalla<\/strong><\/em>.<\/p>\n\n\n\n<div class=\"wp-block-columns is-layout-flex wp-container-core-columns-is-layout-28f84493 wp-block-columns-is-layout-flex\">\n<div class=\"wp-block-column is-layout-flow wp-block-column-is-layout-flow\"><\/div>\n<\/div>\n\n\n\n<h2 class=\"wp-block-heading has-text-align-left has-text-color has-link-color has-medium-font-size wp-elements-e2e186f477215efb25dbda67ee969420\" style=\"color:#950334\"><strong>Koulutustiimin vuoden 2024 kokoonpano<\/strong><\/h2>\n\n\n\n<div class=\"wp-block-columns is-layout-flex wp-container-core-columns-is-layout-28f84493 wp-block-columns-is-layout-flex\">\n<div class=\"wp-block-column is-layout-flow wp-block-column-is-layout-flow\"><\/div>\n<\/div>\n\n\n<div class=\"wp-block-image is-style-rounded\">\n<figure class=\"alignleft size-large is-resized\"><img decoding=\"async\" src=\"https:\/\/valvery.fi\/wp-content\/uploads\/2024\/02\/220521_Lotta-Linden_JIRINA-3-1-683x1024.jpg\" alt=\"\" class=\"wp-image-1468\" style=\"width:165px;height:auto\"\/><figcaption class=\"wp-element-caption\">      <strong>Lotta Lind\u00e9n<\/strong><br><\/figcaption><\/figure>\n<\/div>\n\n<div class=\"wp-block-image is-style-rounded\">\n<figure class=\"alignleft size-large is-resized\"><img decoding=\"async\" src=\"https:\/\/valvery.fi\/wp-content\/uploads\/2023\/04\/IMG_20221024_160551-768x1024.jpg\" alt=\"\" class=\"wp-image-731\" style=\"width:187px;height:auto\"\/><figcaption class=\"wp-element-caption\">     <strong>Riikka P\u00f6ntinen<\/strong><br><\/figcaption><\/figure>\n<\/div>","protected":false},"excerpt":{"rendered":"<p>Vuonan 2024 VALVE ry:ss\u00e4 on aloittanut kouluttamistiimi, joka vastaa VALVE ry:n koulutustoiminnan organisoimisesta ja kehitt\u00e4misest\u00e4. Koulutustoimintaa tarjotaan sek\u00e4 maksuttomasti ett\u00e4 maksullisesti &#8211; maksulliset koulutuspaketit tilataan suoraan kouluttajalta ja maksuttomista koulutuksistamme tiedotamme erikseen. Suoraan kouluttajalta tilattavat koulutukset ovat tuntihinnaltaan l\u00e4ht\u00f6kohtaisesti 200 euroa\/tunti, ellei muuta ole kouluttajan kohdalla mainittu. R\u00e4\u00e4t\u00e4l\u00f6idyt koulutuspakettihinnat ovat tosin mahdollisia ja arvioidaan tapauskohtaisesti, jos koulutuskeikan pituus on yli 4 tuntia. Kouluttamispyynn\u00f6t vuonna 2024 osoitetaan ensisijaisesti koulutusvastaava Lotta Lind\u00e9nille osoitteeseen lotta.linden@valvery.fi. Kyselyt koulutustiimiin liittymisest\u00e4 tai VALVE ry:n kouluttajaksi hakemisesta sek\u00e4 muut yhteisty\u00f6pyynn\u00f6t voi osoittaa puheenjohtaja Riikka P\u00f6ntiselle osoitteeseen riikka.pontinen@valvery.fi. VALVE ry on avoin kaikenlaisille uusille yhteisty\u00f6ehdotuksille, joten jos haet esimerkiksi hankekumppania tai haluat meid\u00e4t mukaan tapahtumaasi, ole rohkeasti yhteydess\u00e4! Huom! Uusi koulutustiimi aloittaa vuonna 2025, jolloin my\u00f6s koulutusvastaavan yhteystiedot vaihtuvat. 7.1. l\u00e4htien yhteydenotot siis vain puheenjohtaja Riikka P\u00f6ntiselle, kunnes uuden tiimin ja kouluttajien tiedot p\u00e4ivittyv\u00e4t verkkosivuille. 16.12.-6.1. v\u00e4lisen ajan koulutustiimi on muun VALVE ry:n hallituksen tavoin lomalla. Koulutustiimin vuoden 2024 kokoonpano<\/p>\n","protected":false},"author":1,"featured_media":0,"parent":0,"menu_order":0,"comment_status":"closed","ping_status":"closed","template":"","meta":{"footnotes":""},"class_list":["post-1393","page","type-page","status-publish","hentry"],"jetpack_sharing_enabled":true,"_links":{"self":[{"href":"https:\/\/valvery.fi\/index.php\/wp-json\/wp\/v2\/pages\/1393","targetHints":{"allow":["GET"]}}],"collection":[{"href":"https:\/\/valvery.fi\/index.php\/wp-json\/wp\/v2\/pages"}],"about":[{"href":"https:\/\/valvery.fi\/index.php\/wp-json\/wp\/v2\/types\/page"}],"author":[{"embeddable":true,"href":"https:\/\/valvery.fi\/index.php\/wp-json\/wp\/v2\/users\/1"}],"replies":[{"embeddable":true,"href":"https:\/\/valvery.fi\/index.php\/wp-json\/wp\/v2\/comments?post=1393"}],"version-history":[{"count":19,"href":"https:\/\/valvery.fi\/index.php\/wp-json\/wp\/v2\/pages\/1393\/revisions"}],"predecessor-version":[{"id":2093,"href":"https:\/\/valvery.fi\/index.php\/wp-json\/wp\/v2\/pages\/1393\/revisions\/2093"}],"wp:attachment":[{"href":"https:\/\/valvery.fi\/index.php\/wp-json\/wp\/v2\/media?parent=1393"}],"curies":[{"name":"wp","href":"https:\/\/api.w.org\/{rel}","templated":true}]}}